) = -p**2 + 14*p - 44. What is d(10)?
-4
Let t(y) = -y**3 - 11*y**2 - 11*y - 12. What is t(-10)?
-2
Let d(c) = -c**3 + 11*c**2 + 12*c + 25. What is d(12)?
25
Let c(z) = z**3 + 11*z**2 - 14*z - 27. Determine c(-12).
-3
Let z(f) = -f**3 - 11*f**2 - f - 3. Calculate z(-11).
8
Let c(v) = -v**2 - 10*v - 12. Calculate c(-9).
-3
Let l(c) = 2*c**2 + 9*c - 27. Determine l(-7).
8
Let r(b) = 2*b - 52. Determine r(23).
-6
Let o(j) = -j**3 + 15*j**2 + 18*j - 24. Calculate o(16).
8
Let v(t) = 61*t - 674. Determine v(11).
-3
Let u(r) = 4*r**2 + 20*r + 39. Determine u(-3).
15
Let h(c) = c - 24. Determine h(7).
-17
Let k(x) = -13*x + 37. Give k(5).
-28
Let p(z) = 7*z**2 + 3*z + 2. Calculate p(-2).
24
Let u(q) = -q**3 + 7*q**2 - 11*q - 7. Give u(5).
-12
Let w(x) = -x**3 - 12*x**2 + 28*x + 2. Determine w(-14).
2
Let p(u) = -2*u + 41. Determine p(24).
-7
Let p(d) = -d**2 - 18*d - 76. Determine p(-8).
4
Let v(h) = h**3 + 2*h**2 + 2*h + 54. What is v(0)?
54
Let b(t) = -8*t + 222. Determine b(28).
-2
Let n(a) = 3*a**3 - a**2 + 2*a - 2. Calculate n(2).
22
Let k(b) = b**3 - 9*b**2 + 18*b + 2. Determine k(8).
82
Let r(l) = l**3 - 9*l**2 + 5. What is r(7)?
-93
Let i(b) = 4*b + 8. Give i(-4).
-8
Let v(y) = -3*y - 19. Calculate v(12).
-55
Let u(k) = -k**2 + 40*k - 96. What is u(37)?
15
Let g(x) = -26*x**2 + 20*x - 20. What is g(1)?
-26
Let v(f) = -f**2 + 6*f - 4. Determine v(3).
5
Let u(p) = -2*p**2 + 12*p + 35. Give u(8).
3
Let s(y) = -y**3 - 12*y**2 - 11*y - 4. Calculate s(-11).
-4
Let l(u) = -u - 23. What is l(-31)?
8
Let g(c) = -5*c + 315. Give g(64).
-5
Let d(q) = -2*q**2 + 4*q - 4. Give d(2).
-4
Let x(k) = -k**2 + 8*k - 10. What is x(7)?
-3
Let v(w) = 3*w + 15. What is v(-5)?
0
Let h(w) = 62*w - 314. Give h(5).
-4
Let b(n) = 22*n + 25. What is b(-3)?
-41
Let k(q) = 5*q**3 - 2*q**2 + 1. Give k(-1).
-6
Let i(b) = b**2 - 10*b - 6. Give i(9).
-15
Let j(z) = -10*z + 190. Calculate j(25).
-60
Let m(b) = -6*b - 19. Calculate m(-4).
5
Let y(d) = -d**2 - d - 11. Determine y(0).
-11
Let f(y) = -4*y**2 - y. Calculate f(-2).
-14
Let m(s) = -s**3 - 10*s**2 - 22*s - 210. Determine m(-10).
10
Let f(o) = -2*o**3 - 10*o - 10. Determine f(-1).
2
Let y(b) = -6*b - 3. Calculate y(1).
-9
Let h(w) = -3*w**2 - 3*w + 38. Calculate h(-4).
2
Let z(d) = 20*d - 61. Calculate z(3).
-1
Let g(c) = c - 12. Determine g(0).
-12
Let l(m) = -5*m + 132. Give l(25).
7
Let w(g) = -g**2 - 24*g + 3. Calculate w(-24).
3
Let u(s) = s**3 - 15*s**2 + 54*s + 16. What is u(8)?
0
Let n(k) = -39*k - 311. Give n(-8).
1
Let i(y) = y**3 + 2*y**2 + 8*y - 5. Give i(3).
64
Let m(s) = 2*s - 20. Determine m(6).
-8
Let w(r) = -4*r**3 + r**2 - r - 1. Determine w(-1).
5
Let n(p) = 221*p - 223. What is n(1)?
-2
Let t(k) = k**2 + 2*k + 6. Determine t(-3).
9
Let t(s) = 3*s - 54. Calculate t(14).
-12
Let i(z) = -z**3 + 2*z**2 + 3*z - 7. Give i(3).
-7
Let z(h) = -h**2 - h + 9. Give z(-5).
-11
Let p(u) = -8*u**2 + 5*u + 5. Give p(-3).
-82
Let q(o) = -o**2 - 23*o - 8. Calculate q(-17).
94
Let t(v) = -142*v - 570. What is t(-4)?
-2
Let m(u) = 3*u**2 - 6*u + 5. Calculate m(4).
29
Let s(z) = z**2 + 19*z + 22. Determine s(-14).
-48
Let y(c) = 5*c - 192. Determine y(39).
3
Let t(f) = -57*f**2 - 4*f + 3. What is t(1)?
-58
Let c(l) = -l**3 - l**2 + 2*l - 3. What is c(-3)?
9
Let u(y) = -6*y + 76. Calculate u(12).
4
Let w(k) = k**2 + 25*k + 49. What is w(-20)?
-51
Let s(m) = m**2 + m - 74. Give s(-9).
-2
Let m(x) = 2*x**3 + 2*x**2 - 3*x + 1. Give m(2).
19
Let d(x) = 2*x + 3. Calculate d(6).
15
Let h(n) = -4*n**2 - 2*n + 1. Determine h(-2).
-11
Let y(r) = r**3 + 11*r**2 + 10*r - 14. Determine y(-10).
-14
Let i(p) = 3*p**3 + 3*p - 7. What is i(0)?
-7
Let t(v) = 6*v + 1. What is t(-4)?
-23
Let j(m) = -m**2 - 2*m - 7. What is j(-7)?
-42
Let q(c) = c**2 - 18*c + 20. Determine q(20).
60
Let s(m) = -m**2 + 11*m - 6. Give s(12).
-18
Let n(p) = -p**2 - 7*p - 5. Give n(-4).
7
Let j(k) = -6*k - 52. What is j(-11)?
14
Let m(j) = 8*j**3 - j**2 + 13*j - 12. Give m(1).
8
Let k(i) = -18*i - 95. Calculate k(-7).
31
Let x(d) = d**2 + 13*d - 11. What is x(-12)?
-23
Let i(v) = v**3 - 20*v**2 + 16*v + 48. What is i(19)?
-9
Let k(o) = -2*o - 4. Give k(4).
-12
Let i(r) = r**2 + 15*r - 19. Calculate i(-15).
-19
Let o(c) = -16*c - 43. What is o(-13)?
165
Let b(u) = -2*u**3 + 63*u**2 - 32*u + 25. Give b(31).
-6
Let f(u) = 2*u - 54. Give f(21).
-12
Let i(b) = -b**2 + b + 13. Calculate i(-4).
-7
Let f(b) = 7*b**2 + 14*b - 38. Determine f(4).
130
Let u(z) = z**3 - 5*z**2 - 20*z + 35. Determine u(7).
-7
Let x(g) = g**3 + 22*g**2 + 41*g + 22. Calculate x(-20).
2
Let w(o) = o**2 + 2*o + 5. Give w(-6).
29
Let t(o) = 2*o**2 - 56*o + 102. Give t(26).
-2
Let f(u) = 6*u**3 + 3*u**2 + 2*u - 4. Give f(1).
7
Let h(b) = 3*b + 21. Calculate h(-9).
-6
Let k(l) = -7*l**3 - 2*l**2 + 4*l + 3. What is k(-2)?
43
Let q(a) = 10*a + 132. What is q(-16)?
-28
Let x(h) = -4*h + 3. Determine x(3).
-9
Let u(a) = -a**3 + 6*a**2 + 26*a + 12. Calculate u(8).
92
Let r(t) = t**2 - 15*t + 32. Determine r(2).
6
Let h(j) = 2*j**3 - j**2 - j - 1. Calculate h(3).
41
Let d(m) = -m - 81. What is d(-11)?
-70
Let k(v) = 18*v - 28. Calculate k(9).
134
Let a(h) = -41*h + 167. What is a(4)?
3
Let k(z) = z**3 + 8*z**2 + 12*z - 10. Give k(-6).
-10
Let y(d) = 2*d**2 + 23*d + 36. What is y(-9)?
-9
Let t(j) = 2*j - 22. Give t(16).
10
Let u(k) = 2*k + 28. Calculate u(12).
52
Let v(t) = -3*t - 13. Calculate v(-8).
11
Let z(h) = -8*h + 11. Calculate z(-7).
67
Let c(o) = -4*o + 19. What is c(5)?
-1
Let l(g) = -16*g - 201. Calculate l(-15).
39
Let z(a) = -a**3 - 6*a**2 + 2*a + 7. What is z(-7)?
42
Let t(w) = -w**3 + 10*w**2 - 11*w + 1. Determine t(9).
-17
Let c(j) = -20*j + 420. What is c(21)?
0
Let b(o) = -o**3 - 7*o**2 + 2*o + 7. Determine b(-7).
-7
Let k(t) = -11*t - 74. Determine k(-10).
36
Let j(p) = p**3 - 2*p**2 - 14*p + 3. Give j(-3).
0
Let g(m) = 2*m**2 + 2*m - 4. Give g(4).
36
Let t(m) = -48*m - 425. Give t(-9).
7
Let m(w) = 2*w**3 + 2*w + 8. What is m(-2)?
-12
Let h(k) = -2*k**2 + 7*k + 10. Give h(7).
-39
Let c(t) = 16*t - 105. Give c(7).
7
Let u(l) = -10*l + 27. Calculate u(0).
27
Let p(y) = -y**3 + 3*y**2 + 2. What is p(5)?
-48
Let r(n) = -n**3 + 10*n**2 - 25*n + 8. What is r(3)?
-4
Let r(v) = 2*v**3 - v**2 + 2*v - 6. Calculate r(0).
-6
Let u(f) = 2*f**3 - 57*f**2 + 29*f - 18. What is u(28)?
10
Let t(n) = n**2 + 6*n - 36. Determine t(-7).
-29
Let d(f) = -f**2 - 2*f - 2. Determine d(-3).
-5
Let y(q) = q**3 + 7*q**2 - 145*q + 2. Calculate y(9).
-7
Let b(r) = -r**2 + 13*r - 5. What is b(4)?
31
Let p(i) = 11*i - 28. What is p(7)?
49
Let d(v) = v**3 + 8*v**2 + v - 8. Calculate d(-8).
-16
Let b(x) = x**2 + x - 25. Calculate b(-6).
5
Let x(l) = -l**2 + 25*l - 146. Determine x(10).
4
Let o(a) = a**2 - 2*a + 4. What is o(5)?
19
Let c(k) = -k**3 + 9*k**2 + 59*k - 534. Determine c(9).
-3
Let w(y) = y**2 - 11*y - 12. Calculate w(12).
0
Let k(p) = p**2 + p + 4. Calculate k(-3).
10
Let a(l) = -3*l + 11. Give a(-17).
62
Let h(s) = -s**2 + 19*s. Calculate h(18).
18
Let z(l) = l**3 - 3*l**2 + 3*l - 10. Calculate z(5).
55
Let l(o) = o**3 + 7*o**2 + 10*o + 38. What is l(-6)?
14
Let q(z) = -2*z + 17. Give q(7).
3
Let i(d) = -4*d**2 + 15*d + 7. Determine i(4).
3
Let o(r) = r**2 - 27*r - 286. Determine o(35).
-6
Let v(a) = 2*a - 11. What is v(8)?
5
Let y(s) = -s**2 - 20*s + 33. What is y(-21)?
12
Let t(d) = -2*d**2 + 53*d + 31. Determine t(27).
4
Let k(n) = n**2 + 8*n + 4. Determine k(-3).
-11
Let z(l) = l**3 - l**2 - 4*l + 6. Determine z(2).
2
Let g(z) = z**3 + 13*z**2 - 16*z - 26. Give g(-14).
2
Let t(y) = -y**3 + 8*y**2 - 5*y + 4. Give t(4).
48
Let g(n) = -n**2 - 11*n - 6. Determine g(0).
-6
Let y(t) = -2*t**2 + 14*t - 18. What is y(4)?
6
Let p(x) = -x**2 - 4*x + 1. Give p(-4).
1
Let m(d) = d**2 + d - 16. What is m(4)?
4
Let u(g) = 3*g**2 + 25*g. Calculate u(-8).
-8
Let f(g) = g**2 - 12*g + 6. Determine f(12).
6
Let h(v) = -3*v + 45. What is h(9)?
18
Let w(y) = y**3 - 13*y**2 + y + 12. Give w(13).
25
Let a(t) = 2*t - 4. Determine a(7).
10
Let v(t) = t**2 - 5*t + 4. Give v(3).
-2
Let z(f) = -f**3 - 7*f**2 + 31*f + 5. Determine z(-10).
-5
Let b(i) = -i**3 + 7*i**2 + 4*i - 14. What is b(7)?
14
Let t(u) = 12*u - 323. Determine t(27).
1
Let x(z) = -12*z + 213. Calculate x(17).
9
Let s(q) = 4*q + 11. Determine s(-5).
-9
Let n(b)